ctors of p?
5, 23
Let g(v) = -49*v**3 - 4*v**2 - 14*v + 2 + 3*v**2 + 9*v + 7*v. Let z be g(-2). Suppose 3*t = -t + 3*q + z, 2*t = 4*q + 198. List the prime factors of t.
5, 19
Suppose 0 = -3*w + 3*z + 96531, 44*z = -2*w + 47*z + 64361. What are the prime factors of w?
2, 5, 3217
Suppose 11155 = 3*m - 2*y, 30*m = 26*m + y + 14870. List the prime factors of m.
3, 7, 59
Suppose -85 = 2*w - 4*z + 19, 0 = -3*w + 5*z - 153. Let o = -293 + w. Let i = o - -586. List the prime factors of i.
13, 19
Let p(x) = 17*x**3 - 12*x**2 + 81*x - 1353. List the prime factors of p(15).
3, 7, 53
Let m(a) = 8 - 2*a**3 - 25*a**2 + 396*a - 410*a + a**3. Let w be m(-24). Let c = w + 365. List the prime factors of c.
7, 19
Let y(r) = 12*r**3 - 10*r**2 + 40*r + 3. What are the prime factors of y(8)?
5827
Let s = -14011 - -23550. List the prime factors of s.
9539
Let y(g) = g**3 + g**2 + g + 60. Let o be y(0). Let p = 63 - o. Suppose -5*v = w - 612, -w - 370 = -3*v - p*w. List the prime factors of v.
2, 61
Suppose 56 = -10*b + 17*b. List the prime factors of (-3)/2 + -4 + 908/b.
2, 3
What are the prime factors of (-11 + 6 - 17104045/(-525)) + (-4)/30?
2, 3, 61, 89
Suppose o - 3643 = 33*g - 37*g, -3*g + o + 2741 = 0. What are the prime factors of g?
2, 3, 19
Suppose -1628 = -p + 1338. List the prime factors of p.
2, 1483
What are the prime factors of (2502865/40 - -2) + 2/(64/12)?
2, 3, 10429
Let a(r) = 152*r**2 + 2*r - 26. Let m(g) = 182*g**2 + 3*g - 25. Let b(h) = 6*a(h) - 5*m(h). Let t be 22*2/4 + -1. List the prime factors of b(t).
139
Let a(v) = 2815*v - 303. List the prime factors of a(5).
2, 11, 313
Let s be 2/((-12)/(-546)*7). List the prime factors of s/(-26)*(-62 - -2).
2, 3, 5
Let w(y) be the second derivative of -143*y**3/6 - 139*y**2/2 + 4*y + 7. What are the prime factors of w(-8)?
3, 5, 67
Let j be 5 + 5 + -4 - 4. Suppose j*l = 14*l - 4188. List the prime factors of l.
349
Let i(l) = 611*l**2 + 35*l + 175. List the prime factors of i(-6).
21961
Let k be (172/(-3))/(-2)*(13 + -10). Let s = -17 + k. Suppose -s + 2 = -u. What are the prime factors of u?
67
Let d(w) = 181*w**3 - 2*w**2 - 17*w + 18. List the prime factors of d(1).
2, 3, 5
Suppose -h - 25*s + 27*s + 103 = 0, -2*s = 5*h - 515. Let r = 15 + -22. Let a = h + r. What are the prime factors of a?
2, 3
Suppose 0 = -t + 3*k + 6, -5*t - 3*k - 11 + 23 = 0. Suppose -4*f = t*o - 1264, 2*f + 5*o - 1272 = -2*f. What are the prime factors of f?
313
Let k(a) = 116 + 67*a + 55 - 44 + 37*a. List the prime factors of k(10).
3, 389
Let t(z) = -z**2 + 3*z + 439. Suppose 3*b - 3*s = 2 + 1, 0 = -3*b - s - 1. Let f be t(b). Suppose 0 = -5*x + f + 526. List the prime factors of x.
193
Suppose -6*t = -4*t - 4*l - 8, 0 = -5*t + 3*l + 13. Suppose -1612 = -t*i - 5*g, 3168 = i + 3*i - 4*g. What are the prime factors of i?
2, 199
Let b = 157105 - 89153. What are the prime factors of b?
2, 31, 137
Suppose -4*c + 11 = -3*k - 14, -8 = c + 4*k. Suppose 0 = c*w - 6 - 2. Suppose 195 = w*r + j, 87 = -r + 2*r + 4*j. List the prime factors of r.
3, 11
Let i = 8185 - 3911. What are the prime factors of i?
2, 2137
Suppose -740370 + 165570 = 427*g - 452*g. List the prime factors of g.
2, 3, 479
Let g = 407 + -405. Let d be (-3)/(-1)*(-17)/(-3). Suppose 0 = -u + g*b + d, -41 = -2*u - 6*b + 3*b. List the prime factors of u.
19
Let i be 20/(-12)*(2 - 15/3). Suppose 3*n - 2*z + 62 - 829 = 0, -i*n - 3*z = -1310. What are the prime factors of n?
7, 37
Suppose 404*x = 134*x + 16652250. List the prime factors of x.
5, 2467
Let m be (119/(-28) - 16/(-4))*-12. Suppose 3*s - 3*r - 2219 = -r, -2239 = -m*s - 2*r. List the prime factors of s.
743
Suppose t + 5*t + 62055 = 11*t. List the prime factors of t.
3, 7, 197
Suppose 4*m - 3*y - 51182 - 96234 = 0, -4*y + 184270 = 5*m. What are the prime factors of m?
2, 18427
Let w(o) = o**2 + 44*o + 194. What are the prime factors of w(-62)?
2, 5, 131
Let z(g) = -g**3 - 10*g**2 - 3*g - 6. Let d be z(-10). Suppose -2*k + 94 = -3*h, d = h + 20. List the prime factors of k.
53
Suppose 0 = -3*t - 15, 3*k - 56469 = 39*t - 36*t. List the prime factors of k.
2, 97
Let o = -49 + 57. Suppose -2*c = 3*h - o, -2*h + h - 4*c + 6 = 0. What are the prime factors of -2 - -115 - h - (-3 - -1)?
113
List the prime factors of (0 - 20*16/(-40)) + 4079.
61, 67
Let y(b) = 109*b + 106. Let w = -314 + 320. List the prime factors of y(w).
2, 5, 19
Suppose -83*d + 1025285 = -10*d. What are the prime factors of d?
5, 53
List the prime factors of 110 + -102 + 1*12/(-2) - -21288.
2, 5, 2129
Suppose 4*l + 5*p = -127, p = 6*l - l + 137. What are the prime factors of 8/l - (-2634)/7?
2, 47
Suppose -1517486 = -38*h - 541304. What are the prime factors of h?
3, 8563
Let x(o) = 10*o**2 + 8*o + 73. Let q(k) = -5*k**2 - 3*k - 36. Let c(n) = 5*q(n) + 3*x(n). List the prime factors of c(-6).
3, 5, 11
Let t = 8099 + -7589. What are the prime factors of t?
2, 3, 5, 17
Suppose -h - 44*h + 319338 = -175842. List the prime factors of h.
2, 3, 7, 131
Suppose -4*a = 3*p - 1121, p = 4*a + 107 + 240. Let g = -107 + p. List the prime factors of g.
2, 5, 13
Suppose -o - 3 = 2*w + 2, -4*o + 4*w + 16 = 0. Let v(r) be the first derivative of 90*r**2 + 4*r + 101. What are the prime factors of v(o)?
2, 23
Let l(d) = -d**2 + 3*d + 6. Let y be l(4). Let s be y/(9 - -1) + 72/15. Suppose 0 = -v + 16 - s. List the prime factors of v.
11
Let a be -4 + (4/(-5))/(18/(-135)). Suppose -3*v = -4*f + 825, -f + 825 = a*v - 5*v. Let n = v + 481. What are the prime factors of n?
2, 103
Let p = 33 + -29. Let t be (p + (4 - 1))*(-2 - -3). Suppose -t*y = -197 + 8. List the prime factors of y.
3
Suppose -31*y + 50 + 74 = 0. Let r = 40 + 25. Suppose 0*m - 5*m + r = 4*v, y*v + m - 61 = 0. List the prime factors of v.
3, 5
Let b = 266 + -179. Let q be 22/77 + 453/7. Let y = b - q. What are the prime factors of y?
2, 11
Let f = -160 - 70. Let u be 10/70 + f/(-7). List the prime factors of ((u/(-4))/(-1))/((-189)/(-504)).
2, 11
Suppose 21*h + 26 = 20*h. Let s = h - -1165. List the prime factors of s.
17, 67
Let l = 30 - 28. Suppose 0 = -l*c - 92 + 14. What are the prime factors of (-2736)/(-39) + 6/c?
2, 5, 7
Let o(m) be the second derivative of 17*m**3/3 - 225*m**2/2 + 103*m - 1. List the prime factors of o(30).
3, 5, 53
Suppose 0 = 16*m - 24*m - 280. List the prime factors of 6/15 - 0 - 4326/m.
2, 31
Let j(t) = t**3 + 9*t**2 - 12*t - 16. Let f be j(-10). Let y be (2*-2)/(f + -2). List the prime factors of -8*(y - 235/10).
2, 3, 17
Let s(a) = -a**3 - 42*a**2 - 30*a - 22. What are the prime factors of s(-42)?
2, 619
Let l(c) = -18*c + 8. Let i be (-6)/((-8)/(-8) + (-1)/(-2)). Let s be l(i). Suppose 9*j - 541 - s = 0. List the prime factors of j.
3, 23
Suppose 6*u + 918 = 9*u. Let c = -91 + u. What are the prime factors of c?
5, 43
Let d(l) = l**2 + 20*l. Let n be d(-20). Suppose n = t - 7*t + 18. Suppose 0 = -t*w + 126 + 90. What are the prime factors of w?
2, 3
Let k(j) be the first derivative of j**3/3 + 11*j**2/2 - 78*j + 50. List the prime factors of k(-19).
2, 37
Let b = -12458 + 20830. What are the prime factors of b?
2, 7, 13, 23
Suppose 0 = -4*q + 3*b + 24, -5*q + b + 30 = 3*b. Let l(f) = -f**3 + 5*f**2 + 2*f + 21. Let u be l(q). Let t = u - -21. List the prime factors of t.
2, 3
Let s = -21990 + 45747. List the prime factors of s.
3, 7919
What are the prime factors of ((-920)/200)/(-23) + ((-268158)/(-10) - -1)?
3, 7, 1277
Let h(u) = u**3 + 8*u**2 - 5*u + 5. Let q be h(-9). Let a = q + 33. Suppose m + a*j - 35 = 0, 2*m + j = -m + 80. List the prime factors of m.
5
Let c(g) = 2*g**3 + 29*g**2 + 19*g + 4. Let i be c(-15). What are the prime factors of 3/(-3) + (-6 - i)?
499
Let i(k) = -13*k - 411. Let u be i(-31). Let l(q) = 11*q - 3. Let r be l(5). Let t = r + u. List the prime factors of t.
2, 11
What are the prime factors of ((-2120)/159)/(2/(-3387))?
2, 5, 1129
Let b(g) be the first derivative of g**4/4 + 2*g**3 - 2*g**2 - 17*g - 87. List the prime factors of b(-4).
31
Let k = -5351 - -8951. Suppose -k = -16*t + 1712. List the prime factors of t.
2, 83
Suppose 4*v = t + 4, -2*v - 9*t = -11*t - 2. Let k(b) = 323*b**2 + 2*b - 3. What are the prime factors of k(v)?
2, 7, 23
Suppose -5*v - b + 15239 + 10419 = 0, 5*v = -5*b + 25650. What are the prime factors of v?
2, 1283
What a